 - -3).
-68
What is -1 + 12 + -379 + 367 - (-1 + (-3 - -59))?
-56
40 + (-13 + -21 - 10)
-4
What is the value of (-6 - -42) + -46 - (-4 - -38)?
-44
What is (65 - 61) + -1 + 27 + 2 + -6?
26
What is the value of 76 - 0 - (-2219 + 2271)?
24
What is the value of 15 + 101 + (-33 - 23)?
60
Calculate 67 + 37 + -84 + (1 - -6).
27
What is the value of 43 + (75 - 53) + -36?
29
Evaluate -1 - -30 - 1 - (11 + -11 - -5).
23
Calculate 0 + -3 + 731 + -770.
-42
Evaluate (-98 + 54 - -138) + -105.
-11
Evaluate 12 - (123 + 17 + (-31 - (-16 - -5))).
-108
53 - (-17 - 18) - (-4 - -12 - -3)
77
-58 - (-61 + -3 + -6)
12
(9 - (-4 - -20)) + 11 + -6
-2
What is 80 + 4 + -5 + 16 + -25?
70
Calculate 0 + -14 - (0 - 0) - (5331 - 5368).
23
What is the value of 7 - ((153 - -10) + (-13 - (-6 - -2)) - 9)?
-138
Calculate (-81 - 0) + 18 + (-6 - 14) + 20 + -15.
-78
What is (40 - -41) + -46 - 43?
-8
What is the value of -10 + 15 + (6 - (105 + 1)) + -1 + -3?
-99
Calculate -8 - (17 - (64 - 12)).
27
(103 - 52) + (-3 - -53)
101
What is the value of -14 + (1 - 10 - (-244 - -224) - 78)?
-81
What is the value of (46 - 1) + (1 - (-9 - (-21 - -8) - 10))?
52
-1 + 59 + 17 + 18
93
What is the value of (-17 - -9) + 2 - (4 - 13) - 30?
-27
Evaluate (-19 + 52 - 34) + -29.
-30
Calculate (39 - -3) + (29 - 216 - -113).
-32
Calculate 21 - 115 - (74 - 126).
-42
(23 - (-15 + -8 - -15)) + (-16 - -6)
21
-14 - (34 + 2) - -16
-34
Calculate (1 - (12 + -2)) + -6 + (49 - 27 - 10).
-3
-15 + (-2 + 15 - (-43 - (-66 + 18)))
-7
What is -10 + -60 + 38 + -20?
-52
Calculate (6 - 19) + 113 - (-1 + 1 + 10 + -5).
95
1 + -8 + -20 - -14 - -28
15
Calculate (-26 + -14 - -22) + 2.
-16
What is -9 + (-6 - -74) - (160 + -133)?
32
Calculate 14 + (-211 - -212 - (1 + 2 + 14 + -4)).
2
Calculate -1 + -30 + (15 - 0 - (42 - (42 + -12))).
-28
What is (-17 - 86) + 32 + (1 + -14 - (2 - 4))?
-82
(-23 - (-62 + 80)) + 65
24
What is 0 + (5 - -1) + (-3 - (9 + -10)) - -29?
33
What is (5 + -1 - (-3 + 6)) + -3 + 2 + 59?
59
Evaluate -103 + 24 + (-3 - -1) + 9 + 12.
-60
What is -72 - (24 + (-14 - -1) + -21)?
-62
((29 - 13) + -5 - 16) + 9 + -6 + -5
-7
Evaluate 99 + (-76 - -61 - (-6 - (-3 + 8))).
95
Evaluate 30 - (-12 - (-57 + 18)) - (2 + 0 + -88).
89
-79 - (20 + (-4 - 20) + -17)
-58
215 - 213 - (1 + 2 + (-8 - -11))
-4
Evaluate -1 + -95 + (44 + -37 - (17 - 42 - -22)).
-86
Evaluate (65 - -37) + -3 + 5 + -4.
100
Calculate 10 + -19 + 35 + (0 - -4).
30
Calculate (57 + -11 + -11 - 70) + 58.
23
22 + 34 + 4 + -5 + -10
45
What is the value of 9 + (0 - ((16 - 0 - 11) + -4)) - -2?
10
What is the value of 73 + 15 - 136 - -22?
-26
Calculate 14 - (2 - 1) - (-5 + (11 - -4)).
3
Evaluate 20 - 4 - ((3 - (13 + -17 + 4)) + -2).
15
What is the value of 45 + 12 + 29 + -73?
13
Calculate (-22 - 16) + -1 + 31.
-8
What is (5 - -6) + (19 + -66 - 29)?
-65
Evaluate (18 - 13) + -4 + -14 + 0.
-13
58 + (-9 - -2 - -21 - 44)
28
What is 86 + -20 + -80 + 0 + 1 + -1?
-14
What is the value of (-2 - -8) + -4 + (6 - 1) - (74 + -84)?
17
Calculate -181 - (-58 - 58) - -57.
-8
Evaluate 9 + 2 + -22 + (-8 - (19 - -17)) + -22.
-77
What is 11 + -8 + 60 - (-67 + 82)?
48
What is the value of -14 - ((3 - -2) + 0) - -47?
28
What is -6 + -16 + 14 - (-48 - 23)?
63
What is the value of -7 + 2 + -31 + 25 + -8 + 1?
-18
What is the value of 9 + -9 + (6 + -14 + 18 - 5) - 24?
-19
Calculate -21 + 29 + (50 - 61) + 0 + 107.
104
What is -154 + 152 + (7 - 1 - (8 + -47 + -9))?
52
Evaluate -4 + 0 + (-4 - -1) + 4 + (-1402 - -1344).
-61
(-4 + 14 - 11) + 25 + -68
-44
What is the value of (-15 + (15 - 0) - -4) + 4 - -15?
23
Evaluate (-3 - 25) + (15 - -1).
-12
What is the value of (-2 - (-5 - 1)) + (23 - 26 - -17)?
18
What is the value of 14 + -34 - (13 + -5 + -50)?
22
Calculate 63 + -10 + -21 + -2 + 1 - -7.
38
What is the value of 18 + 10 + (-35 + -50 - -17)?
-40
Calculate 19 + (3 - (4 - 6) - (-27 - (-25 + 3))).
29
Calculate -20 - (4 + -15) - (48 + 46).
-103
-23 + (44 - (42 + -35))
14
Calculate (-56 - (0 - 30)) + 0 + 16 + 4.
-6
What is -7 - ((-82 - -23) + 34)?
18
What is (-3 - (-2 + -1)) + (-3 - (9 + 7 - 42))?
23
Calculate (-7 - -20 - (20 - 6 - 13)) + -12 + 3.
3
Calculate (-4 + (9 - 1) - 0) + 57 - (73 - 80).
68
Calculate 2 + (1 + -13 - (-41 + -38 + -37 + 6)).
100
Calculate 129 + (37 - 83) + -30.
53
What is 22 - ((8 - (-8 + -21 + 50)) + 7 + 17)?
11
98 + -55 + (3 - (2 + -3))
47
Calculate -16 - (-86 - (41 - 103)).
8
Calculate 51 + (-5 - 53) + -12.
-19
What is -49 + 0 + -409 + 461?
3
What is the value of -33 - (-27 + 20) - -1?
-25
125 + (40 - 279) + 70
-44
8 - 2 - (98 + 0) - (24 - 8 - 12)
-96
Evaluate -218 - (-87 + -129) - (-1 + 86).
-87
Calculate 48 + 5 + -30 + 17.
40
What is the value of 110 - (-133 + 235) - (-17 + -1)?
26
Calculate -10 + 6 + -11 + (9 + -21 - -14) + -106.
-119
What is -24 + 24 + -47 + -7?
-54
Evaluate (3 - (-40 - 41)) + -67.
17
What is the value of -2 + (-5 - -7 - (66 + -15))?
-51
Calculate (-1 - 3) + (425 - 448).
-27
-7 - (-1 + -6 - 3 - (36 - 91 - -117))
65
What is the value of -24 + -18 + 34 + -94 + 25?
-77
What is 31 - 46 - (-11 + 5 + -21 - -3) - -11?
20
What is (308 - 253) + -2 + -2 + 4?
55
What is -3 + (-4 - (-29 + 31)) + 49 + 5?
45
-55 + -16 + -5 + (5 - (2 - 6))
-67
-18 - (132 - (54 + 81))
-15
Calculate 1 - 72 - (-1654 + 1672) - 28.
-117
Evaluate 9 + (-30 - (-10 + 10) - -9).
-12
What is the value of 133 + (-9 - -35) + -11 - 35?
113
Calculate -48 - (-26 + 18 - 6).
-34
What is 150 - (47 + -86 - -119)?
70
Evaluate -10 + -15 - (-21 - (-16 - -5)).
-15
1 + -7 + -11 + 9 - (-19 + 11)
0
Evaluate 11 - (-33 - (-27 + -106)).
-89
Evaluate 27 - 1 - (-333 - -347) - 82.
-70
Evaluate -36 + (70 - 41) - -51.
44
-3 - (72 - 80 - 18)
23
What is the value of 93 - 74 - (35 + 12)?
-28
Calculate 35 - (-63 - -109) - -63.
52
What is 62 - (-115 + 70) - 30?
77
-56 + -25 + 49 + 27
-5
What is -19 + -6 + 8 + 0 + (-16 - -48)?
15
What is 65 - (14 - (-14 + (22 + -9 - -1)))?
51
-27 + (0 - (11 + -22) - 2)
-18
37 - (-10 + 8 + -18 - (-26 + 15))
46
Calculate -114 - ((-55 - -1) + -65).
5
-8 + 9 + 9 + -16 + 4 + 18
16
1 - 1 - -12 - (4 + -87) - -2
97
What is the value of -24 - ((-16 + -54 - -5) + 13)?
28
Evaluate (-5 - -1) + (-21 - ((-84 - 26) + 5)).
80
-54 - 2 - (5 + -36 + 32) - -9
-48
-90 + 5 + (91 - 100) + 3 + -14 + 7
-98
Calculate (12 - (-1 - (16 - 7))) + -6.
16
Calculate 0 - -22 - (-7 + 11 - 11).
29
Calculate (-6 - (-2 + 6 + -12)) + (-56 - -12).
-42
Evaluate (1 - (9 + (-6 - 11))) + (-5 + -11 - 27).
-34
Calculate -21 + 18 + 6 + 2 + 2 + -3 + -57.
-53
Evaluate -4 + (-2 + 2 - (77 + -59)).
-22
Evaluate 26 + -143 + 34 + 56.
-27
What is the value of (1 - (-17 + -30 + 3)) + -3 + 15?
57
What is (-173 - -305) + 44 + -190?
-14
What is the value of (10 - 8) + 3 + 9 + (-8 - -20)?
26
What is (15 - (-12 + 0)) + -34 + 27 + 5?
25
What is the value of (-45 + (56 - 13) - (0 + -9)) + -11?
-4
Calculate 1 + 9 - (26 + 9 + (-2 - 27 - -4)).
0
What is -1 + 2 + 53 + (-121 - -74 - -33)?
40
Evaluate -36 - (47 - (-26 - -58)).
-51
Calculate (6 - (-9 + 127)) + 1071 + -1047.
-88
What is 15 + 13 + -4 - (20 - 4)?
8
What is the value of (194 - 79 - 135 - (-15 - -1)) + 1?
-5
What is the value of 1 - 1 - ((-4 - -59) + (8 - (-17 + 15)))?
-65
Calculate (11 + 1 - (155 - 141)) + 16.
14
52 + -1 + (42 + -96 - -57) + -9 + -7
38
-5519 - -5380 - (-3 - 39)
-97
What is 0 + -50 - (2 - -5 - (43 - (22 - -14)))?
-50
What is the value of (11 + -12 - -4 - 47) + (-10 - -2)?
-52
Calculate (-2 - -3) + 60 - (5192 + -5179).
48
What is (-1 - 79) + 129 + (36 - 144)?
-59
(-12 + 7 - -2 - (1 + -18 - -4)) + -16
-6
What is the value of (44 + -31 - 7) + -2 + -7 + 8?
5
-14 - ((-2 - (-5 - 0 - 1) - 2) + -3)
-13
Calculate -16 + -17 + (21 - -39).
27
What is the value of 7 - (90 + 8 + 31 + -59)?
-63
Calculate -48 + 36 + -32 + -18 + (-4 - -1).
-65
What is the value of 102 + -122 + -119 + 83?
-56
Evaluate 41 - ((-2 + -1 - 10 - -7) + 6).
41
What is the value of 45 + 2 + (1092 - 1096)?
43
Evaluate (71 + -77 - (2 + 39 - 0)) + 1.
-46
What is the value of -135 + (-132 - -256) + -39 + 2 + -1?
-49
Calculate -1 + -19 - (153 + (-282 - -132)) - (0 - -9).
-32
Evaluate (-142 - -163) + -10 + (-36 - 10).
-35
50 + 77 + -230 + -6
-109
What is 22 + -652 - -621 - (44 + (1 - 0))?
-54
Evaluate (25 - (63 + -26)) + (-2 - (-10 + 13 - -59)).
-76
Calculate 2 + (-4 - -9) - ((-8 - -13) + (37 - 1)).
-34
-3 + (33 - (1 + -3 - 0) - (-1387 + 1